{"id":29483,"date":"2026-03-03T01:46:50","date_gmt":"2026-03-03T01:46:50","guid":{"rendered":"http:\/\/206.189.163.212\/ecommerce\/?post_type=product&#038;p=29483"},"modified":"2026-03-03T01:56:59","modified_gmt":"2026-03-03T01:56:59","slug":"tambor-de-freno-trasero-250mm","status":"publish","type":"product","link":"https:\/\/ecommercejamc.online\/index.php\/producto\/tambor-de-freno-trasero-250mm\/","title":{"rendered":"Tambor de Freno Trasero 250mm"},"content":{"rendered":"<p>Tambor de freno trasero de 250mm de di\u00e1metro interior para veh\u00edculos compactos y subcompactos. Fabricado en hierro fundido de alta calidad con superficie de fricci\u00f3n maquinada con precisi\u00f3n. Equilibrado din\u00e1micamente para evitar vibraciones.<\/p>\n","protected":false},"excerpt":{"rendered":"<p>Tambor de freno trasero de 250mm de di\u00e1metro interior para veh\u00edculos compactos y subcompactos. Fabricado en hierro fundido de alta<\/p>\n","protected":false},"featured_media":29510,"comment_status":"open","ping_status":"closed","template":"","meta":[],"product_brand":[],"product_cat":[102],"product_tag":[],"class_list":{"0":"post-29483","1":"product","2":"type-product","3":"status-publish","4":"has-post-thumbnail","6":"product_cat-frenos-y-suspension","8":"first","9":"instock","10":"shipping-taxable","11":"purchasable","12":"product-type-simple"},"_links":{"self":[{"href":"https:\/\/ecommercejamc.online\/index.php\/wp-json\/wp\/v2\/product\/29483","targetHints":{"allow":["GET"]}}],"collection":[{"href":"https:\/\/ecommercejamc.online\/index.php\/wp-json\/wp\/v2\/product"}],"about":[{"href":"https:\/\/ecommercejamc.online\/index.php\/wp-json\/wp\/v2\/types\/product"}],"replies":[{"embeddable":true,"href":"https:\/\/ecommercejamc.online\/index.php\/wp-json\/wp\/v2\/comments?post=29483"}],"version-history":[{"count":1,"href":"https:\/\/ecommercejamc.online\/index.php\/wp-json\/wp\/v2\/product\/29483\/revisions"}],"predecessor-version":[{"id":29505,"href":"https:\/\/ecommercejamc.online\/index.php\/wp-json\/wp\/v2\/product\/29483\/revisions\/29505"}],"wp:featuredmedia":[{"embeddable":true,"href":"https:\/\/ecommercejamc.online\/index.php\/wp-json\/wp\/v2\/media\/29510"}],"wp:attachment":[{"href":"https:\/\/ecommercejamc.online\/index.php\/wp-json\/wp\/v2\/media?parent=29483"}],"wp:term":[{"taxonomy":"product_brand","embeddable":true,"href":"https:\/\/ecommercejamc.online\/index.php\/wp-json\/wp\/v2\/product_brand?post=29483"},{"taxonomy":"product_cat","embeddable":true,"href":"https:\/\/ecommercejamc.online\/index.php\/wp-json\/wp\/v2\/product_cat?post=29483"},{"taxonomy":"product_tag","embeddable":true,"href":"https:\/\/ecommercejamc.online\/index.php\/wp-json\/wp\/v2\/product_tag?post=29483"}],"curies":[{"name":"wp","href":"https:\/\/api.w.org\/{rel}","templated":true}]}}