{"id":29473,"date":"2026-03-03T01:46:48","date_gmt":"2026-03-03T01:46:48","guid":{"rendered":"http:\/\/206.189.163.212\/ecommerce\/?post_type=product&#038;p=29473"},"modified":"2026-03-03T02:20:27","modified_gmt":"2026-03-03T02:20:27","slug":"aceite-para-caja-manual-75w-90-gl-4-1l","status":"publish","type":"product","link":"https:\/\/ecommercejamc.online\/index.php\/producto\/aceite-para-caja-manual-75w-90-gl-4-1l\/","title":{"rendered":"Aceite para Caja Manual 75W-90 GL-4 1L"},"content":{"rendered":"<p>Aceite para transmisi\u00f3n manual clasificaci\u00f3n GL-4 viscosidad 75W-90. Formulado para cajas de velocidades sincronizadas de veh\u00edculos ligeros y compactos. Proporciona cambios de velocidad suaves y reduce el desgaste de engranajes y sincronizadores.<\/p>\n","protected":false},"excerpt":{"rendered":"<p>Aceite para transmisi\u00f3n manual clasificaci\u00f3n GL-4 viscosidad 75W-90. Formulado para cajas de velocidades sincronizadas de veh\u00edculos ligeros y compactos. Proporciona<\/p>\n","protected":false},"featured_media":29578,"comment_status":"open","ping_status":"closed","template":"","meta":[],"product_brand":[],"product_cat":[101],"product_tag":[],"class_list":{"0":"post-29473","1":"product","2":"type-product","3":"status-publish","4":"has-post-thumbnail","6":"product_cat-lubricantes-y-aceites","8":"first","9":"instock","10":"shipping-taxable","11":"purchasable","12":"product-type-simple"},"_links":{"self":[{"href":"https:\/\/ecommercejamc.online\/index.php\/wp-json\/wp\/v2\/product\/29473","targetHints":{"allow":["GET"]}}],"collection":[{"href":"https:\/\/ecommercejamc.online\/index.php\/wp-json\/wp\/v2\/product"}],"about":[{"href":"https:\/\/ecommercejamc.online\/index.php\/wp-json\/wp\/v2\/types\/product"}],"replies":[{"embeddable":true,"href":"https:\/\/ecommercejamc.online\/index.php\/wp-json\/wp\/v2\/comments?post=29473"}],"version-history":[{"count":1,"href":"https:\/\/ecommercejamc.online\/index.php\/wp-json\/wp\/v2\/product\/29473\/revisions"}],"predecessor-version":[{"id":29495,"href":"https:\/\/ecommercejamc.online\/index.php\/wp-json\/wp\/v2\/product\/29473\/revisions\/29495"}],"wp:featuredmedia":[{"embeddable":true,"href":"https:\/\/ecommercejamc.online\/index.php\/wp-json\/wp\/v2\/media\/29578"}],"wp:attachment":[{"href":"https:\/\/ecommercejamc.online\/index.php\/wp-json\/wp\/v2\/media?parent=29473"}],"wp:term":[{"taxonomy":"product_brand","embeddable":true,"href":"https:\/\/ecommercejamc.online\/index.php\/wp-json\/wp\/v2\/product_brand?post=29473"},{"taxonomy":"product_cat","embeddable":true,"href":"https:\/\/ecommercejamc.online\/index.php\/wp-json\/wp\/v2\/product_cat?post=29473"},{"taxonomy":"product_tag","embeddable":true,"href":"https:\/\/ecommercejamc.online\/index.php\/wp-json\/wp\/v2\/product_tag?post=29473"}],"curies":[{"name":"wp","href":"https:\/\/api.w.org\/{rel}","templated":true}]}}