{"id":29470,"date":"2026-03-03T01:46:48","date_gmt":"2026-03-03T01:46:48","guid":{"rendered":"http:\/\/206.189.163.212\/ecommerce\/?post_type=product&#038;p=29470"},"modified":"2026-03-03T02:19:34","modified_gmt":"2026-03-03T02:19:34","slug":"aceite-para-motor-diesel-15w-40-cf-4-4l","status":"publish","type":"product","link":"https:\/\/ecommercejamc.online\/index.php\/producto\/aceite-para-motor-diesel-15w-40-cf-4-4l\/","title":{"rendered":"Aceite para Motor Di\u00e9sel 15W-40 CF-4 4L"},"content":{"rendered":"<p>Aceite mineral de alta calidad para motores di\u00e9sel clasificaci\u00f3n API CF-4, viscosidad 15W-40. Ideal para motores turboalimentados y atmosf\u00e9ricos de camiones, autobuses y veh\u00edculos de carga ligera. Excelente control de dep\u00f3sitos en pistones con propiedades dispersantes y detergentes superiores.<\/p>\n","protected":false},"excerpt":{"rendered":"<p>Aceite mineral de alta calidad para motores di\u00e9sel clasificaci\u00f3n API CF-4, viscosidad 15W-40. Ideal para motores turboalimentados y atmosf\u00e9ricos de<\/p>\n","protected":false},"featured_media":29574,"comment_status":"open","ping_status":"closed","template":"","meta":[],"product_brand":[],"product_cat":[101],"product_tag":[],"class_list":{"0":"post-29470","1":"product","2":"type-product","3":"status-publish","4":"has-post-thumbnail","6":"product_cat-lubricantes-y-aceites","8":"first","9":"instock","10":"shipping-taxable","11":"purchasable","12":"product-type-simple"},"_links":{"self":[{"href":"https:\/\/ecommercejamc.online\/index.php\/wp-json\/wp\/v2\/product\/29470","targetHints":{"allow":["GET"]}}],"collection":[{"href":"https:\/\/ecommercejamc.online\/index.php\/wp-json\/wp\/v2\/product"}],"about":[{"href":"https:\/\/ecommercejamc.online\/index.php\/wp-json\/wp\/v2\/types\/product"}],"replies":[{"embeddable":true,"href":"https:\/\/ecommercejamc.online\/index.php\/wp-json\/wp\/v2\/comments?post=29470"}],"version-history":[{"count":1,"href":"https:\/\/ecommercejamc.online\/index.php\/wp-json\/wp\/v2\/product\/29470\/revisions"}],"predecessor-version":[{"id":29492,"href":"https:\/\/ecommercejamc.online\/index.php\/wp-json\/wp\/v2\/product\/29470\/revisions\/29492"}],"wp:featuredmedia":[{"embeddable":true,"href":"https:\/\/ecommercejamc.online\/index.php\/wp-json\/wp\/v2\/media\/29574"}],"wp:attachment":[{"href":"https:\/\/ecommercejamc.online\/index.php\/wp-json\/wp\/v2\/media?parent=29470"}],"wp:term":[{"taxonomy":"product_brand","embeddable":true,"href":"https:\/\/ecommercejamc.online\/index.php\/wp-json\/wp\/v2\/product_brand?post=29470"},{"taxonomy":"product_cat","embeddable":true,"href":"https:\/\/ecommercejamc.online\/index.php\/wp-json\/wp\/v2\/product_cat?post=29470"},{"taxonomy":"product_tag","embeddable":true,"href":"https:\/\/ecommercejamc.online\/index.php\/wp-json\/wp\/v2\/product_tag?post=29470"}],"curies":[{"name":"wp","href":"https:\/\/api.w.org\/{rel}","templated":true}]}}