{"id":29467,"date":"2026-03-03T01:46:48","date_gmt":"2026-03-03T01:46:48","guid":{"rendered":"http:\/\/206.189.163.212\/ecommerce\/?post_type=product&#038;p=29467"},"modified":"2026-03-03T02:13:30","modified_gmt":"2026-03-03T02:13:30","slug":"lubricante-para-diferencial-80w-90-gl-5-1l","status":"publish","type":"product","link":"https:\/\/ecommercejamc.online\/index.php\/producto\/lubricante-para-diferencial-80w-90-gl-5-1l\/","title":{"rendered":"Lubricante para Diferencial 80W-90 GL-5 1L"},"content":{"rendered":"<p>Aceite para diferencial clasificaci\u00f3n GL-5 viscosidad 80W-90. Dise\u00f1ado para proteger engranajes hipoidales de alta presi\u00f3n en diferenciales traseros y delanteros. Excelente resistencia a la oxidaci\u00f3n y formaci\u00f3n de espuma. Compatible con diferenciales de veh\u00edculos ligeros, pickups y SUVs.<\/p>\n","protected":false},"excerpt":{"rendered":"<p>Aceite para diferencial clasificaci\u00f3n GL-5 viscosidad 80W-90. Dise\u00f1ado para proteger engranajes hipoidales de alta presi\u00f3n en diferenciales traseros y delanteros.<\/p>\n","protected":false},"featured_media":29550,"comment_status":"open","ping_status":"closed","template":"","meta":[],"product_brand":[],"product_cat":[101],"product_tag":[],"class_list":{"0":"post-29467","1":"product","2":"type-product","3":"status-publish","4":"has-post-thumbnail","6":"product_cat-lubricantes-y-aceites","8":"first","9":"instock","10":"shipping-taxable","11":"purchasable","12":"product-type-simple"},"_links":{"self":[{"href":"https:\/\/ecommercejamc.online\/index.php\/wp-json\/wp\/v2\/product\/29467","targetHints":{"allow":["GET"]}}],"collection":[{"href":"https:\/\/ecommercejamc.online\/index.php\/wp-json\/wp\/v2\/product"}],"about":[{"href":"https:\/\/ecommercejamc.online\/index.php\/wp-json\/wp\/v2\/types\/product"}],"replies":[{"embeddable":true,"href":"https:\/\/ecommercejamc.online\/index.php\/wp-json\/wp\/v2\/comments?post=29467"}],"version-history":[{"count":1,"href":"https:\/\/ecommercejamc.online\/index.php\/wp-json\/wp\/v2\/product\/29467\/revisions"}],"predecessor-version":[{"id":29489,"href":"https:\/\/ecommercejamc.online\/index.php\/wp-json\/wp\/v2\/product\/29467\/revisions\/29489"}],"wp:featuredmedia":[{"embeddable":true,"href":"https:\/\/ecommercejamc.online\/index.php\/wp-json\/wp\/v2\/media\/29550"}],"wp:attachment":[{"href":"https:\/\/ecommercejamc.online\/index.php\/wp-json\/wp\/v2\/media?parent=29467"}],"wp:term":[{"taxonomy":"product_brand","embeddable":true,"href":"https:\/\/ecommercejamc.online\/index.php\/wp-json\/wp\/v2\/product_brand?post=29467"},{"taxonomy":"product_cat","embeddable":true,"href":"https:\/\/ecommercejamc.online\/index.php\/wp-json\/wp\/v2\/product_cat?post=29467"},{"taxonomy":"product_tag","embeddable":true,"href":"https:\/\/ecommercejamc.online\/index.php\/wp-json\/wp\/v2\/product_tag?post=29467"}],"curies":[{"name":"wp","href":"https:\/\/api.w.org\/{rel}","templated":true}]}}