{"id":29198,"date":"2026-02-26T20:03:28","date_gmt":"2026-02-26T20:03:28","guid":{"rendered":"http:\/\/206.189.163.212\/ecommerce\/?post_type=product&#038;p=29198"},"modified":"2026-02-26T20:03:29","modified_gmt":"2026-02-26T20:03:29","slug":"cinta-metrica-5m","status":"publish","type":"product","link":"https:\/\/ecommercejamc.online\/index.php\/producto\/cinta-metrica-5m\/","title":{"rendered":"Cinta m\u00e9trica 5m"},"content":{"rendered":"<p>Una cinta m\u00e9trica de 5 metros es una herramienta de medici\u00f3n flexible y port\u00e1til utilizada para determinar distancias y dimensiones con precisi\u00f3n.<\/p>\n","protected":false},"excerpt":{"rendered":"<p>Una cinta m\u00e9trica de 5 metros es una herramienta de medici\u00f3n flexible y port\u00e1til utilizada para determinar distancias y dimensiones<\/p>\n","protected":false},"featured_media":29202,"comment_status":"open","ping_status":"closed","template":"","meta":[],"product_brand":[],"product_cat":[77],"product_tag":[],"class_list":{"0":"post-29198","1":"product","2":"type-product","3":"status-publish","4":"has-post-thumbnail","6":"product_cat-h-manuales","8":"first","9":"instock","10":"shipping-taxable","11":"purchasable","12":"product-type-simple"},"_links":{"self":[{"href":"https:\/\/ecommercejamc.online\/index.php\/wp-json\/wp\/v2\/product\/29198","targetHints":{"allow":["GET"]}}],"collection":[{"href":"https:\/\/ecommercejamc.online\/index.php\/wp-json\/wp\/v2\/product"}],"about":[{"href":"https:\/\/ecommercejamc.online\/index.php\/wp-json\/wp\/v2\/types\/product"}],"replies":[{"embeddable":true,"href":"https:\/\/ecommercejamc.online\/index.php\/wp-json\/wp\/v2\/comments?post=29198"}],"version-history":[{"count":1,"href":"https:\/\/ecommercejamc.online\/index.php\/wp-json\/wp\/v2\/product\/29198\/revisions"}],"predecessor-version":[{"id":29203,"href":"https:\/\/ecommercejamc.online\/index.php\/wp-json\/wp\/v2\/product\/29198\/revisions\/29203"}],"wp:featuredmedia":[{"embeddable":true,"href":"https:\/\/ecommercejamc.online\/index.php\/wp-json\/wp\/v2\/media\/29202"}],"wp:attachment":[{"href":"https:\/\/ecommercejamc.online\/index.php\/wp-json\/wp\/v2\/media?parent=29198"}],"wp:term":[{"taxonomy":"product_brand","embeddable":true,"href":"https:\/\/ecommercejamc.online\/index.php\/wp-json\/wp\/v2\/product_brand?post=29198"},{"taxonomy":"product_cat","embeddable":true,"href":"https:\/\/ecommercejamc.online\/index.php\/wp-json\/wp\/v2\/product_cat?post=29198"},{"taxonomy":"product_tag","embeddable":true,"href":"https:\/\/ecommercejamc.online\/index.php\/wp-json\/wp\/v2\/product_tag?post=29198"}],"curies":[{"name":"wp","href":"https:\/\/api.w.org\/{rel}","templated":true}]}}